the remainder when 29248200 is divided by 9749400?
0
Calculate the remainder when 227187 is divided by 4005.
2907
What is the remainder when 101355 is divided by 101331?
24
Calculate the remainder when 16384639 is divided by 20.
19
Calculate the remainder when 148298 is divided by 1440.
1418
What is the remainder when 1258710 is divided by 137?
91
What is the remainder when 8980532 is divided by 458?
68
Calculate the remainder when 6990916 is divided by 544.
516
What is the remainder when 4017710 is divided by 384?
302
Calculate the remainder when 30390587 is divided by 8619.
8612
What is the remainder when 4830149 is divided by 28923?
8
What is the remainder when 3253169 is divided by 395?
344
What is the remainder when 1007297 is divided by 503273?
751
Calculate the remainder when 3221231 is divided by 2746.
173
What is the remainder when 32402 is divided by 30484?
1918
Calculate the remainder when 495979701 is divided by 2794.
2791
What is the remainder when 229169 is divided by 38191?
23
Calculate the remainder when 433344 is divided by 222.
0
What is the remainder when 379623 is divided by 3222?
2649
Calculate the remainder when 4881620 is divided by 6837.
2
What is the remainder when 351272 is divided by 18419?
1311
Calculate the remainder when 1955854 is divided by 656.
318
What is the remainder when 554761 is divided by 110861?
456
Calculate the remainder when 111547 is divided by 575.
572
Calculate the remainder when 319252 is divided by 4667.
1896
Calculate the remainder when 73959 is divided by 18237.
1011
Calculate the remainder when 8127742 is divided by 2432.
2430
Calculate the remainder when 1077722 is divided by 18906.
80
Calculate the remainder when 1375371 is divided by 37.
7
What is the remainder when 3881407 is divided by 173?
152
Calculate the remainder when 5094218 is divided by 39.
38
Calculate the remainder when 3120589 is divided by 60009.
121
What is the remainder when 7253191 is divided by 1106?
43
What is the remainder when 2033286 is divided by 5826?
12
What is the remainder when 6203979 is divided by 3101985?
9
Calculate the remainder when 63181 is divided by 27640.
7901
Calculate the remainder when 252550 is divided by 25.
0
What is the remainder when 1912900 is divided by 1766?
322
What is the remainder when 604216 is divided by 379?
90
Calculate the remainder when 1339272 is divided by 1996.
1952
Calculate the remainder when 2393365 is divided by 127.
50
What is the remainder when 5013205 is divided by 49149?
7
Calculate the remainder when 16541 is divided by 6988.
2565
Calculate the remainder when 446245 is divided by 124.
93
Calculate the remainder when 88924 is divided by 2117.
10
Calculate the remainder when 1028739 is divided by 73451.
425
Calculate the remainder when 2128458 is divided by 553.
514
What is the remainder when 989692 is divided by 652?
608
What is the remainder when 49428578 is divided by 6?
2
Calculate the remainder when 17892078 is divided by 8945990.
98
Calculate the remainder when 1155003 is divided by 3508.
871
What is the remainder when 135758 is divided by 27112?
198
Calculate the remainder when 6840515 is divided by 162868.
59
Calculate the remainder when 438020 is divided by 9742.
9372
Calculate the remainder when 4165496 is divided by 90554.
12
Calculate the remainder when 1528660 is divided by 509553.
1
What is the remainder when 11560 is divided by 8705?
2855
Calculate the remainder when 44508 is divided by 5439.
996
What is the remainder when 940309 is divided by 5190?
919
Calculate the remainder when 548846 is divided by 548842.
4
What is the remainder when 138439123 is divided by 375?
373
What is the remainder when 68126 is divided by 988?
942
What is the remainder when 100379 is divided by 510?
419
Calculate the remainder when 17863974 is divided by 525.
324
What is the remainder when 1421431 is divided by 1421403?
28
What is the remainder when 300902 is divided by 300836?
66
What is the remainder when 16799411 is divided by 86?
85
Calculate the remainder when 100498 is divided by 20055.
223
What is the remainder when 55347 is divided by 1305?
537
What is the remainder when 830279 is divided by 787?
781
Calculate the remainder when 10065190 is divided by 945.
940
Calculate the remainder when 34610 is divided by 9862.
5024
Calculate the remainder when 1359040 is divided by 123537.
133
What is the remainder when 2236739 is divided by 36?
23
Calculate the remainder when 2055598 is divided by 46.
42
What is the remainder when 80706 is divided by 26105?
2391
Calculate the remainder when 455213 is divided by 75588.
1685
Calculate the remainder when 4442093 is divided by 30.
23
What is the remainder when 286610 is divided by 147?
107
Calculate the remainder when 500873 is divided by 659.
33
Calculate the remainder when 122374296 is divided by 5150.
5146
What is the remainder when 5307016 is divided by 20?
16
What is the remainder when 3735636 is divided by 120504?
12
What is the remainder when 2222189 is divided by 2222179?
10
Calculate the remainder when 280837 is divided by 564.
529
What is the remainder when 6456613 is divided by 1076053?
295
What is the remainder when 605737847 is divided by 50?
47
Calculate the remainder when 140451 is divided by 2984.
203
Calculate the remainder when 328263 is divided by 839.
214
Calculate the remainder when 15281 is divided by 15254.
27
Calculate the remainder when 35249 is divided by 136.
25
Calculate the remainder when 3553925 is divided by 215.
190
Calculate the remainder when 4859279 is divided by 5334.
5
What is the remainder when 33466739 is divided by 11155578?
5
What is the remainder when 33057336 is divided by 337?
332
Calculate the remainder when 21418103 is divided by 55.
3
Calculate the remainder when 13179898 is divided by 655.
643
What is the remainder when 102429 is divided by 17071?
3
Calculate the remainder when 31349346 is divided by 2102.
118
What is the remainder when 1444841 is divided by 2919?
2855
Calculate the remainder when 43020 is divided by 1450.
970
What is the remainder when 681119 is divided by 35831?
330
Calculate the remainder when 47778756 is divided by 20550.
6
Calculate the remainder when 1622491 is divided by 116.
115
What is the remainder when 395156 is divided by 98785?
16
Calculate the remainder when 1658477 is divided by 15077.
7
What is the remainder when 3148436 is divided by 3148398?
38
Calculate the remainder when 646798 is divided by 214657.
2827
What is the remainder when 792351 is divided by 40?
31
Calculate the remainder when 15244089 is divided by 1524407.
19
What is the remainder when 430468 is divided by 4972?
2876
What is the remainder when 71530 is divided by 7109?
440
Calculate the remainder when 119507 is divided by 39813.
68
What is the remainder when 268945 is divided by 11204?
49
What is the remainder when 45483 is divided by 45222?
261
What is the remainder when 137508 is divided by 80?
68
What is the remainder when 28357 is divided by 28337?
20
What is the remainder when 649883 is divided by 28?
3
Calculate the remainder when 935704 is divided by 1078.
0
Calculate the remainder when 527258 is divided by 526558.
700
What is the remainder when 3212702 is divided by 80?
62
Calculate the remainder when 208745 is divided by 69451.
392
What is the remainder when 50062 is divided by 417?
22
What is the remainder when 4478 is divided by 772?
618
Calculate the remainder when 189146 is divided by 35.
6
What is the remainder when 2397079 is divided by 799004?
67
Calculate the remainder when 1447788 is divided by 33668.
64
What is the remainder when 1404326 is divided by 1772?
902
What is the remainder when 5230428 is divided by 201168?
60
What is the remainder when 116596 is divided by 584?
380
What is the remainder when 190353 is divided by 352?
273
Calculate the remainder when 151829 is divided by 614.
171
What is the remainder when 230331 is divided by 230063?
268
Calculate the remainder when 200805 is divided by 2283.
2184
What is the remainder when 742189874 is divided by 2889?
2885
Calculate the remainder when 172177918 is divided by 64.
62
Calculate the remainder when 3564299 is divided by 11648.
11
What is the remainder when 134416 is divided by 119?
65
Calculate the remainder whe